of 4641285?
5
What is the ten thousands digit of 516838?
1
What is the units digit of 1359654?
4
What is the units digit of 2440188?
8
What is the ten thousands digit of 10362774?
6
What is the ten thousands digit of 295904?
9
What is the tens digit of 5010847?
4
What is the units digit of 178842?
2
What is the tens digit of 10951240?
4
What is the tens digit of 8680?
8
What is the hundreds digit of 718067?
0
What is the hundreds digit of 841288?
2
What is the hundreds digit of 11085766?
7
What is the units digit of 35170?
0
What is the units digit of 245636?
6
What is the units digit of 360034?
4
What is the hundreds digit of 250902?
9
What is the thousands digit of 9708780?
8
What is the hundreds digit of 236959?
9
What is the hundred thousands digit of 17699299?
6
What is the ten thousands digit of 1192594?
9
What is the hundred thousands digit of 23540308?
5
What is the millions digit of 32826651?
2
What is the hundred thousands digit of 204391?
2
What is the thousands digit of 11154200?
4
What is the thousands digit of 180459?
0
What is the tens digit of 180626?
2
What is the units digit of 283695?
5
What is the thousands digit of 449476?
9
What is the thousands digit of 6142086?
2
What is the units digit of 92122?
2
What is the thousands digit of 1243852?
3
What is the tens digit of 160613?
1
What is the tens digit of 245393?
9
What is the hundreds digit of 1662?
6
What is the units digit of 9756275?
5
What is the tens digit of 19079?
7
What is the units digit of 3120945?
5
What is the units digit of 29198?
8
What is the tens digit of 61170?
7
What is the thousands digit of 4911908?
1
What is the units digit of 2059677?
7
What is the tens digit of 49230?
3
What is the hundreds digit of 304264?
2
What is the millions digit of 9224817?
9
What is the millions digit of 4083404?
4
What is the hundred thousands digit of 205997?
2
What is the units digit of 51445?
5
What is the hundred thousands digit of 121124?
1
What is the hundred thousands digit of 1965625?
9
What is the units digit of 7727100?
0
What is the ten thousands digit of 641425?
4
What is the units digit of 342107?
7
What is the ten thousands digit of 853317?
5
What is the hundred thousands digit of 8310868?
3
What is the millions digit of 16407116?
6
What is the ten thousands digit of 862465?
6
What is the tens digit of 8188?
8
What is the thousands digit of 477793?
7
What is the tens digit of 1952684?
8
What is the tens digit of 611642?
4
What is the hundreds digit of 1541181?
1
What is the ten thousands digit of 16602106?
0
What is the ten thousands digit of 251110?
5
What is the tens digit of 29238?
3
What is the tens digit of 712137?
3
What is the hundred thousands digit of 9617582?
6
What is the thousands digit of 6309768?
9
What is the hundred thousands digit of 341642?
3
What is the millions digit of 17466026?
7
What is the thousands digit of 305620?
5
What is the thousands digit of 271648?
1
What is the units digit of 158453?
3
What is the units digit of 8009778?
8
What is the ten thousands digit of 84438?
8
What is the millions digit of 8723922?
8
What is the millions digit of 1190276?
1
What is the hundred thousands digit of 587064?
5
What is the hundreds digit of 205993?
9
What is the hundred thousands digit of 3928701?
9
What is the ten thousands digit of 21080?
2
What is the thousands digit of 5627329?
7
What is the units digit of 157408?
8
What is the hundreds digit of 1925185?
1
What is the tens digit of 230348?
4
What is the units digit of 4206230?
0
What is the ten thousands digit of 1494411?
9
What is the hundred thousands digit of 3118160?
1
What is the tens digit of 128218?
1
What is the units digit of 407062?
2
What is the hundreds digit of 2204705?
7
What is the tens digit of 1871615?
1
What is the hundreds digit of 20404754?
7
What is the tens digit of 4177160?
6
What is the millions digit of 13686107?
3
What is the thousands digit of 270543?
0
What is the units digit of 831527?
7
What is the thousands digit of 760523?
0
What is the hundred thousands digit of 11898574?
8
What is the ten thousands digit of 923301?
2
What is the ten thousands digit of 253497?
5
What is the hundreds digit of 1730381?
3
What is the ten thousands digit of 248034?
4
What is the tens digit of 873742?
4
What is the units digit of 209211?
1
What is the tens digit of 357921?
2
What is the hundred thousands digit of 1862370?
8
What is the tens digit of 563487?
8
What is the hundreds digit of 349929?
9
What is the ten thousands digit of 1437267?
3
What is the ten thousands digit of 735029?
3
What is the tens digit of 238785?
8
What is the hundreds digit of 2990?
9
What is the thousands digit of 13387830?
7
What is the hundreds digit of 1001500?
5
What is the ten thousands digit of 18255?
1
What is the tens digit of 135388?
8
What is the millions digit of 6713083?
6
What is the hundred thousands digit of 303331?
3
What is the tens digit of 12694431?
3
What is the hundreds digit of 342659?
6
What is the units digit of 2379455?
5
What is the hundred thousands digit of 9314753?
3
What is the ten thousands digit of 226125?
2
What is the thousands digit of 1673311?
3
What is the hundreds digit of 7183783?
7
What is the hundred thousands digit of 23992889?
9
What is the hundreds digit of 1117678?
6
What is the hundreds digit of 871774?
7
What is the hundreds digit of 937664?
6
What is the units digit of 368626?
6
What is the ten thousands digit of 185034?
8
What is the tens digit of 1842199?
9
What is the thousands digit of 83253?
3
What is the hundreds digit of 98778?
7
What is the ten thousands digit of 8610105?
1
What is the millions digit of 4274113?
4
What is the units digit of 468546?
6
What is the units digit of 2100787?
7
What is the thousands digit of 219419?
9
What is the hundred thousands digit of 1751771?
7
What is the hundred thousands digit of 4307962?
3
What is the hundred thousands digit of 32678595?
6
What is the hundreds digit of 346700?
7
What is the thousands digit of 555574?
5
What is the tens digit of 56074?
7
What is the hundred thousands digit of 23316212?
3
What is the tens digit of 21432412?
1
What is the thousands digit of 1109991?
9
What is the hundreds digit of 203537?
5
What is the units digit of 9929283?
3
What is the tens digit of 153800?
0
What is the units digit of 763999?
9
What is the hundred thousands digit of 2509253?
5
What is the millions digit of 1845494?
1
What is the tens digit of 109148?
4
What is the hundreds digit of 49185?
1
What is the ten thousands digit of 436686?
3
What is the ten thousands digit of 533049?
3
What is the ten thousands digit of 441554?
4
What is the units digit of 2071123?
3
What is the millions digit of 1338027?
1
What is the millions digit of 20907699?
0
What is the ten thousands digit of 2216743?
1
What is the ten thousands digit of 2895974?
9
What is the hundred thousands digit of 1171162?
1
What is the units digit of 768178?
8
What is the thousands digit of 7501611?
1
What is the units digit of 5737181?
1
What is the hundreds digit of 905280?
2
What is the hundreds digit of 39170?
1
What is the hundreds digit of 1205205?
2
What is the hundreds digit of 57925?
9
What is the thousands digit of 311534?
1
What is the units digit of 14668808?
8
What is the hundreds digit of 247065?
0
What is the tens digit of 139039?
3
What is the ten thousands digit of 1034571?
3
What is the thousands digit of 45372?
5
What is the hundreds digit of 477874?
8
What is the hundred thousands digit of 691312?
6
What is the ten thousands digit of 9279122?
7
What is the units digit of 25495288?
8
What is the units digit of 17163466?
6
What is the hundreds digit of 6921640?
6
What is the hundred thousands digit of 1609111?
6
What is the units digit of 2062847?
7
What is the ten thousands digit of 521106?
2
What is the hundreds digit of 370165?
1
What is the ten millions digit of 22240249?
2
What is the ten thousands digit of 11201239?
0
What is the units digit of 131380?
0
What is the units digit of 203141?
1
What is the ten thousands digit of 24649624?
4
What is the millions digit of 7695802?
7
What is the units digit of 8005736?
6
What is the millions digit of 1721959?
1
What is the thousands digit of 309638?
9
What is the tens digit of 143551